{"id":2249,"date":"2025-09-03T15:05:02","date_gmt":"2025-09-03T21:05:02","guid":{"rendered":"https:\/\/computecnectonic.com\/?post_type=product&#038;p=2249"},"modified":"2026-05-01T17:48:22","modified_gmt":"2026-05-01T23:48:22","slug":"dell-optiplex-5060","status":"publish","type":"product","link":"https:\/\/computecnectonic.com\/?product=dell-optiplex-5060","title":{"rendered":"Dell Optiplex 5060 8-256 Core i5-8"},"content":{"rendered":"<p>\u00a1Optimiza tu rendimiento empresarial con el CPU Dell Optiplex 5060! siendo una soluci\u00f3n de computo robusta, eficiente y confiable. Pensada para el entorno empresarial de oficinas modernas y centros educativos, ideal para los usuarios que buscan estabilidad y velocidad en sus actividades diarias.<\/p>\n<p>Equipada con un procesador Intel Core i5 de 8va. generaci\u00f3n, esta computadora de escritorio est\u00e1 dise\u00f1ada para manejar multiples tareas con fluidez, como navegaci\u00f3n web, procesamiento de texto, hojas de calculo, video conferenccias, software de oficina y m\u00e1s. La Optiplex\u00a0 5060 con sus 8GB de memoria RAM DDR4 permite trabajar con varias aplicaciones abiertas al mismo tiempo con fluides y sin relantizaciones.<\/p>\n<p>\u00a1No pierdas la oportunidad de mejorar tu productividad!<\/p>\n<p>Adquiere el CPU Dell Optiplex 5060 y lleva tu nergocio a nuevas alturas. \u00a1Compra ahora!<\/p>\n","protected":false},"excerpt":{"rendered":"<p>\u00a1CPU Dell Optiplex 5060!<\/p>\n<p>Procesador: Intel Core i5 de 8va. generacion (modelo com\u00fan i5-8400) con hasta 6 n\u00facleos y velocidad turbo de hasta 4.1 GHz.<\/p>\n<p>Memoria RAM: 8GB (expandible hasta 64 GB)<\/p>\n<p>Almacenamiento: Unidad de estado s\u00f3lido SSD de 256GB (soporta hasta 1TB HHD)<\/p>\n<p>Graficos: Intel UHD Graphics 360 integrados, para soportar m\u00faltiples monitores en alta definici\u00f3n<\/p>\n<p>Conectividad:<\/p>\n<p>\u00b0Puertos USB 3.1 y 2.0<\/p>\n<p>\u00b0 Salidas DisplayPort y HDMI para pantallas externas<\/p>\n<p>\u00b0 Puerto Ethernet Gigabit para conecciones de red estables<\/p>\n<p>Sistema operativo: Compatible con Windows 10 \/ Windows 11<\/p>\n<p>Formato: Disponible en version SFF (Small From Factor)<\/p>\n","protected":false},"featured_media":2846,"comment_status":"open","ping_status":"closed","template":"","meta":{"_uag_custom_page_level_css":"","site-sidebar-layout":"default","site-content-layout":"","ast-site-content-layout":"default","site-content-style":"default","site-sidebar-style":"default","ast-global-header-display":"","ast-banner-title-visibility":"","ast-main-header-display":"","ast-hfb-above-header-display":"","ast-hfb-below-header-display":"","ast-hfb-mobile-header-display":"","site-post-title":"","ast-breadcrumbs-content":"","ast-featured-img":"","footer-sml-layout":"","ast-disable-related-posts":"","theme-transparent-header-meta":"default","adv-header-id-meta":"","stick-header-meta":"","header-above-stick-meta":"","header-main-stick-meta":"","header-below-stick-meta":"","astra-migrate-meta-layouts":"set","ast-page-background-enabled":"default","ast-page-background-meta":{"desktop":{"background-color":"var(--ast-global-color-4)","background-image":"","background-repeat":"repeat","background-position":"center center","background-size":"auto","background-attachment":"scroll","background-type":"","background-media":"","overlay-type":"","overlay-color":"","overlay-opacity":"","overlay-gradient":""},"tablet":{"background-color":"","background-image":"","background-repeat":"repeat","background-position":"center center","background-size":"auto","background-attachment":"scroll","background-type":"","background-media":"","overlay-type":"","overlay-color":"","overlay-opacity":"","overlay-gradient":""},"mobile":{"background-color":"","background-image":"","background-repeat":"repeat","background-position":"center center","background-size":"auto","background-attachment":"scroll","background-type":"","background-media":"","overlay-type":"","overlay-color":"","overlay-opacity":"","overlay-gradient":""}},"ast-content-background-meta":{"desktop":{"background-color":"var(--ast-global-color-5)","background-image":"","background-repeat":"repeat","background-position":"center center","background-size":"auto","background-attachment":"scroll","background-type":"","background-media":"","overlay-type":"","overlay-color":"","overlay-opacity":"","overlay-gradient":""},"tablet":{"background-color":"var(--ast-global-color-5)","background-image":"","background-repeat":"repeat","background-position":"center center","background-size":"auto","background-attachment":"scroll","background-type":"","background-media":"","overlay-type":"","overlay-color":"","overlay-opacity":"","overlay-gradient":""},"mobile":{"background-color":"var(--ast-global-color-5)","background-image":"","background-repeat":"repeat","background-position":"center center","background-size":"auto","background-attachment":"scroll","background-type":"","background-media":"","overlay-type":"","overlay-color":"","overlay-opacity":"","overlay-gradient":""}}},"product_brand":[],"product_cat":[32],"product_tag":[],"class_list":{"0":"post-2249","1":"product","2":"type-product","3":"status-publish","4":"has-post-thumbnail","6":"product_cat-cpu","7":"desktop-align-center","8":"tablet-align-left","9":"mobile-align-left","11":"first","12":"instock","13":"sale","14":"shipping-taxable","15":"purchasable","16":"product-type-simple"},"aioseo_notices":[],"uagb_featured_image_src":{"full":["https:\/\/computecnectonic.com\/wp-content\/uploads\/2025\/09\/7F8DD2F3-1096-4DC4-8039-06EAE1F7692B.png",1254,1254,false],"thumbnail":["https:\/\/computecnectonic.com\/wp-content\/uploads\/2025\/09\/7F8DD2F3-1096-4DC4-8039-06EAE1F7692B-150x150.png",150,150,true],"medium":["https:\/\/computecnectonic.com\/wp-content\/uploads\/2025\/09\/7F8DD2F3-1096-4DC4-8039-06EAE1F7692B-300x300.png",300,300,true],"medium_large":["https:\/\/computecnectonic.com\/wp-content\/uploads\/2025\/09\/7F8DD2F3-1096-4DC4-8039-06EAE1F7692B-768x768.png",768,768,true],"large":["https:\/\/computecnectonic.com\/wp-content\/uploads\/2025\/09\/7F8DD2F3-1096-4DC4-8039-06EAE1F7692B-1024x1024.png",1024,1024,true],"1536x1536":["https:\/\/computecnectonic.com\/wp-content\/uploads\/2025\/09\/7F8DD2F3-1096-4DC4-8039-06EAE1F7692B.png",1254,1254,false],"2048x2048":["https:\/\/computecnectonic.com\/wp-content\/uploads\/2025\/09\/7F8DD2F3-1096-4DC4-8039-06EAE1F7692B.png",1254,1254,false],"woocommerce_thumbnail":["https:\/\/computecnectonic.com\/wp-content\/uploads\/2025\/09\/7F8DD2F3-1096-4DC4-8039-06EAE1F7692B-300x300.png",300,300,true],"woocommerce_single":["https:\/\/computecnectonic.com\/wp-content\/uploads\/2025\/09\/7F8DD2F3-1096-4DC4-8039-06EAE1F7692B-600x600.png",600,600,true],"woocommerce_gallery_thumbnail":["https:\/\/computecnectonic.com\/wp-content\/uploads\/2025\/09\/7F8DD2F3-1096-4DC4-8039-06EAE1F7692B-100x100.png",100,100,true],"dgwt-wcas-product-suggestion":["https:\/\/computecnectonic.com\/wp-content\/uploads\/2025\/09\/7F8DD2F3-1096-4DC4-8039-06EAE1F7692B-64x64.png",64,64,true]},"uagb_author_info":{"display_name":"axel suxo","author_link":"https:\/\/computecnectonic.com\/?author=0"},"uagb_comment_info":0,"uagb_excerpt":"\u00a1CPU Dell Optiplex 5060! Procesador: Intel Core i5 de 8va. generacion (modelo com\u00fan i5-8400) con hasta 6 n\u00facleos y velocidad turbo de hasta 4.1 GHz. Memoria RAM: 8GB (expandible hasta 64 GB) Almacenamiento: Unidad de estado s\u00f3lido SSD de 256GB (soporta hasta 1TB HHD) Graficos: Intel UHD Graphics 360 integrados, para soportar m\u00faltiples monitores en&hellip;","_links":{"self":[{"href":"https:\/\/computecnectonic.com\/index.php?rest_route=\/wp\/v2\/product\/2249","targetHints":{"allow":["GET"]}}],"collection":[{"href":"https:\/\/computecnectonic.com\/index.php?rest_route=\/wp\/v2\/product"}],"about":[{"href":"https:\/\/computecnectonic.com\/index.php?rest_route=\/wp\/v2\/types\/product"}],"replies":[{"embeddable":true,"href":"https:\/\/computecnectonic.com\/index.php?rest_route=%2Fwp%2Fv2%2Fcomments&post=2249"}],"wp:featuredmedia":[{"embeddable":true,"href":"https:\/\/computecnectonic.com\/index.php?rest_route=\/wp\/v2\/media\/2846"}],"wp:attachment":[{"href":"https:\/\/computecnectonic.com\/index.php?rest_route=%2Fwp%2Fv2%2Fmedia&parent=2249"}],"wp:term":[{"taxonomy":"product_brand","embeddable":true,"href":"https:\/\/computecnectonic.com\/index.php?rest_route=%2Fwp%2Fv2%2Fproduct_brand&post=2249"},{"taxonomy":"product_cat","embeddable":true,"href":"https:\/\/computecnectonic.com\/index.php?rest_route=%2Fwp%2Fv2%2Fproduct_cat&post=2249"},{"taxonomy":"product_tag","embeddable":true,"href":"https:\/\/computecnectonic.com\/index.php?rest_route=%2Fwp%2Fv2%2Fproduct_tag&post=2249"}],"curies":[{"name":"wp","href":"https:\/\/api.w.org\/{rel}","templated":true}]}}