{"id":2315,"date":"2025-09-05T18:57:01","date_gmt":"2025-09-06T00:57:01","guid":{"rendered":"https:\/\/computecnectonic.com\/?post_type=product&#038;p=2315"},"modified":"2026-05-01T14:19:38","modified_gmt":"2026-05-01T20:19:38","slug":"hp-z24i","status":"publish","type":"product","link":"https:\/\/computecnectonic.com\/?product=hp-z24i","title":{"rendered":"HP Z24i 24 Pulgadas"},"content":{"rendered":"<p>Mejora tu productividad y experiencia visual con el Monitor Z24i\u00a0 que es un monitor profesional de 24 pulgadas (61 cm), con un formato panor\u00e1mico de 16:10 y resoluci\u00f3n WUXGA 1920 x 1200, dise\u00f1ado para elevar la productividad en entornos corporativos, creativos o de oficina avanzada.<br \/>\nOfrece un brillo t\u00edpico de 300 cd\/m\u00b2, contraste est\u00e1tico de 1000:1 y contraste din\u00e1mico de 5 000 000:1, logrando detalles profundos y tonos intensos.<br \/>\nLos amplios \u00e1ngulos de visi\u00f3n de 178\u00b0\u2014tanto horizontales como verticales\u2014permiten que la escena se mantenga clara desde cualquier posici\u00f3n, ideal para presentar a varias personas, o trabajar en configuraciones multi-monitor.\u00a1Hazlo tuyo y experimenta un nivel de experiencia!<\/p>\n<p>\u00a1Compra ahora!<\/p>\n","protected":false},"excerpt":{"rendered":"<p>Tama\u00f1o de pantalla: 24 pulgadas<br \/>\nTipo de panel: IPS Gen 2 con retroiluminaci\u00f3n LED<br \/>\nResoluci\u00f3n nativa: WUXGA 1920 \u00d7 1200 p\u00edxeles<br \/>\nRelaci\u00f3n de aspecto: 16:10<br \/>\nBrillo: 300 cd\/m\u00b2<br \/>\nContraste: Est\u00e1tico 1000:1 \/ Din\u00e1mico 5\u202f000\u202f000:1<br \/>\n\u00c1ngulos de visi\u00f3n: 178\u00b0 horizontal \/ 178\u00b0 vertical<br \/>\nTiempo de respuesta: 8 ms (gris a gris t\u00edpico)<br \/>\nColores: 16.7 millones<br \/>\nSuperficie: Antirreflejo<br \/>\nConectividad:<br \/>\n1 \u00d7 DisplayPort 1.2<br \/>\n1 \u00d7 DVI-D (HDCP)<br \/>\n1 \u00d7 VGA<br \/>\nHub USB: 1 \u00d7 USB upstream, 4 \u00d7 USB downstream<\/p>\n","protected":false},"featured_media":2812,"comment_status":"open","ping_status":"closed","template":"","meta":{"_uag_custom_page_level_css":"","site-sidebar-layout":"default","site-content-layout":"","ast-site-content-layout":"default","site-content-style":"default","site-sidebar-style":"default","ast-global-header-display":"","ast-banner-title-visibility":"","ast-main-header-display":"","ast-hfb-above-header-display":"","ast-hfb-below-header-display":"","ast-hfb-mobile-header-display":"","site-post-title":"","ast-breadcrumbs-content":"","ast-featured-img":"","footer-sml-layout":"","ast-disable-related-posts":"","theme-transparent-header-meta":"default","adv-header-id-meta":"","stick-header-meta":"","header-above-stick-meta":"","header-main-stick-meta":"","header-below-stick-meta":"","astra-migrate-meta-layouts":"set","ast-page-background-enabled":"default","ast-page-background-meta":{"desktop":{"background-color":"var(--ast-global-color-4)","background-image":"","background-repeat":"repeat","background-position":"center center","background-size":"auto","background-attachment":"scroll","background-type":"","background-media":"","overlay-type":"","overlay-color":"","overlay-opacity":"","overlay-gradient":""},"tablet":{"background-color":"","background-image":"","background-repeat":"repeat","background-position":"center center","background-size":"auto","background-attachment":"scroll","background-type":"","background-media":"","overlay-type":"","overlay-color":"","overlay-opacity":"","overlay-gradient":""},"mobile":{"background-color":"","background-image":"","background-repeat":"repeat","background-position":"center center","background-size":"auto","background-attachment":"scroll","background-type":"","background-media":"","overlay-type":"","overlay-color":"","overlay-opacity":"","overlay-gradient":""}},"ast-content-background-meta":{"desktop":{"background-color":"var(--ast-global-color-5)","background-image":"","background-repeat":"repeat","background-position":"center center","background-size":"auto","background-attachment":"scroll","background-type":"","background-media":"","overlay-type":"","overlay-color":"","overlay-opacity":"","overlay-gradient":""},"tablet":{"background-color":"var(--ast-global-color-5)","background-image":"","background-repeat":"repeat","background-position":"center center","background-size":"auto","background-attachment":"scroll","background-type":"","background-media":"","overlay-type":"","overlay-color":"","overlay-opacity":"","overlay-gradient":""},"mobile":{"background-color":"var(--ast-global-color-5)","background-image":"","background-repeat":"repeat","background-position":"center center","background-size":"auto","background-attachment":"scroll","background-type":"","background-media":"","overlay-type":"","overlay-color":"","overlay-opacity":"","overlay-gradient":""}}},"product_brand":[],"product_cat":[33],"product_tag":[],"class_list":{"0":"post-2315","1":"product","2":"type-product","3":"status-publish","4":"has-post-thumbnail","6":"product_cat-monitor","7":"desktop-align-center","8":"tablet-align-left","9":"mobile-align-left","11":"first","12":"instock","13":"sale","14":"shipping-taxable","15":"purchasable","16":"product-type-simple"},"aioseo_notices":[],"uagb_featured_image_src":{"full":["https:\/\/computecnectonic.com\/wp-content\/uploads\/2025\/09\/A50B75DB-8111-4BA3-AA76-20EA26E68DB6.png",1254,1254,false],"thumbnail":["https:\/\/computecnectonic.com\/wp-content\/uploads\/2025\/09\/A50B75DB-8111-4BA3-AA76-20EA26E68DB6-150x150.png",150,150,true],"medium":["https:\/\/computecnectonic.com\/wp-content\/uploads\/2025\/09\/A50B75DB-8111-4BA3-AA76-20EA26E68DB6-300x300.png",300,300,true],"medium_large":["https:\/\/computecnectonic.com\/wp-content\/uploads\/2025\/09\/A50B75DB-8111-4BA3-AA76-20EA26E68DB6-768x768.png",768,768,true],"large":["https:\/\/computecnectonic.com\/wp-content\/uploads\/2025\/09\/A50B75DB-8111-4BA3-AA76-20EA26E68DB6-1024x1024.png",1024,1024,true],"1536x1536":["https:\/\/computecnectonic.com\/wp-content\/uploads\/2025\/09\/A50B75DB-8111-4BA3-AA76-20EA26E68DB6.png",1254,1254,false],"2048x2048":["https:\/\/computecnectonic.com\/wp-content\/uploads\/2025\/09\/A50B75DB-8111-4BA3-AA76-20EA26E68DB6.png",1254,1254,false],"woocommerce_thumbnail":["https:\/\/computecnectonic.com\/wp-content\/uploads\/2025\/09\/A50B75DB-8111-4BA3-AA76-20EA26E68DB6-300x300.png",300,300,true],"woocommerce_single":["https:\/\/computecnectonic.com\/wp-content\/uploads\/2025\/09\/A50B75DB-8111-4BA3-AA76-20EA26E68DB6-300x300.png",300,300,true],"woocommerce_gallery_thumbnail":["https:\/\/computecnectonic.com\/wp-content\/uploads\/2025\/09\/A50B75DB-8111-4BA3-AA76-20EA26E68DB6-100x100.png",100,100,true],"dgwt-wcas-product-suggestion":["https:\/\/computecnectonic.com\/wp-content\/uploads\/2025\/09\/A50B75DB-8111-4BA3-AA76-20EA26E68DB6-64x64.png",64,64,true]},"uagb_author_info":{"display_name":"Enrique Suxo","author_link":"https:\/\/computecnectonic.com\/?author=0"},"uagb_comment_info":0,"uagb_excerpt":"Tama\u00f1o de pantalla: 24 pulgadas Tipo de panel: IPS Gen 2 con retroiluminaci\u00f3n LED Resoluci\u00f3n nativa: WUXGA 1920 \u00d7 1200 p\u00edxeles Relaci\u00f3n de aspecto: 16:10 Brillo: 300 cd\/m\u00b2 Contraste: Est\u00e1tico 1000:1 \/ Din\u00e1mico 5\u202f000\u202f000:1 \u00c1ngulos de visi\u00f3n: 178\u00b0 horizontal \/ 178\u00b0 vertical Tiempo de respuesta: 8 ms (gris a gris t\u00edpico) Colores: 16.7 millones Superficie:&hellip;","_links":{"self":[{"href":"https:\/\/computecnectonic.com\/index.php?rest_route=\/wp\/v2\/product\/2315","targetHints":{"allow":["GET"]}}],"collection":[{"href":"https:\/\/computecnectonic.com\/index.php?rest_route=\/wp\/v2\/product"}],"about":[{"href":"https:\/\/computecnectonic.com\/index.php?rest_route=\/wp\/v2\/types\/product"}],"replies":[{"embeddable":true,"href":"https:\/\/computecnectonic.com\/index.php?rest_route=%2Fwp%2Fv2%2Fcomments&post=2315"}],"wp:featuredmedia":[{"embeddable":true,"href":"https:\/\/computecnectonic.com\/index.php?rest_route=\/wp\/v2\/media\/2812"}],"wp:attachment":[{"href":"https:\/\/computecnectonic.com\/index.php?rest_route=%2Fwp%2Fv2%2Fmedia&parent=2315"}],"wp:term":[{"taxonomy":"product_brand","embeddable":true,"href":"https:\/\/computecnectonic.com\/index.php?rest_route=%2Fwp%2Fv2%2Fproduct_brand&post=2315"},{"taxonomy":"product_cat","embeddable":true,"href":"https:\/\/computecnectonic.com\/index.php?rest_route=%2Fwp%2Fv2%2Fproduct_cat&post=2315"},{"taxonomy":"product_tag","embeddable":true,"href":"https:\/\/computecnectonic.com\/index.php?rest_route=%2Fwp%2Fv2%2Fproduct_tag&post=2315"}],"curies":[{"name":"wp","href":"https:\/\/api.w.org\/{rel}","templated":true}]}}